{"id":12952,"date":"2026-02-03T12:13:38","date_gmt":"2026-02-03T11:13:38","guid":{"rendered":"https:\/\/bbs1osterode.de\/?page_id=12952"},"modified":"2026-02-03T12:16:56","modified_gmt":"2026-02-03T11:16:56","slug":"12952-2","status":"publish","type":"page","link":"https:\/\/bbs1osterode.de\/index.php\/startseite-3-2-2\/12952-2\/","title":{"rendered":"Eltern- und Ausbildersprechtag 2026"},"content":{"rendered":"<div id='layer_slider_1'  class='avia-layerslider main_color avia-shadow  avia-builder-el-0  el_before_av_hr  avia-builder-el-first  container_wrap fullsize'  style='height: 401px; max-width: 1400px; margin: 0 auto;'  ><\/div><div id='after_layer_slider_1'  class='main_color av_default_container_wrap container_wrap fullsize'  ><div class='container av-section-cont-open' ><div class='template-page content  av-content-full alpha units'><div class='post-entry post-entry-type-page post-entry-12952'><div class='entry-content-wrapper clearfix'>\n<div  class='hr av-2lt12d4-4787f107a6b208d55e52f7e739912e6e hr-default  avia-builder-el-1  el_after_av_layerslider  el_before_av_heading  avia-builder-el-first '><span class='hr-inner '><span class=\"hr-inner-style\"><\/span><\/span><\/div>\n\n<style type=\"text\/css\" data-created_by=\"avia_inline_auto\" id=\"style-css-av-ml6houdw-d6a810e7a2b5bdfe9ded6ff88332426a\">\n#top .av-special-heading.av-ml6houdw-d6a810e7a2b5bdfe9ded6ff88332426a{\npadding-bottom:10px;\n}\nbody .av-special-heading.av-ml6houdw-d6a810e7a2b5bdfe9ded6ff88332426a .av-special-heading-tag .heading-char{\nfont-size:25px;\n}\n.av-special-heading.av-ml6houdw-d6a810e7a2b5bdfe9ded6ff88332426a .av-subheading{\nfont-size:15px;\n}\n<\/style>\n<div  class='av-special-heading av-ml6houdw-d6a810e7a2b5bdfe9ded6ff88332426a av-special-heading-h2  avia-builder-el-2  el_after_av_hr  el_before_av_hr '><h2 class='av-special-heading-tag'  itemprop=\"headline\"  >Der Eltern- und Ausbildersprechtag findet am Mittwoch, den 18. Februar 2026 von 13:30 Uhr &#8211; 17:30 Uhr statt.<\/h2><div class=\"special-heading-border\"><div class=\"special-heading-inner-border\"><\/div><\/div><\/div>\n<div  class='hr av-1vxqtx4-692394aba62d5e0f31df8fa3d53bacc4 hr-default  avia-builder-el-3  el_after_av_heading  el_before_av_textblock '><span class='hr-inner '><span class=\"hr-inner-style\"><\/span><\/span><\/div>\n<section  class='av_textblock_section av-ml6ho3qe-89ccdc080cfeb37bf80f30105b9cecae'  itemscope=\"itemscope\" itemtype=\"https:\/\/schema.org\/CreativeWork\" ><div class='avia_textblock'  itemprop=\"text\" ><h4>Ab dem 09.02.26 k\u00f6nnen Sie feste Termine bei den Lehrkr\u00e4ften buchen.<\/h4>\n<\/div><\/section>\n<div  class='hr av-1oif7aw-ac627b44685771b1d43d776c85ccf508 hr-default  avia-builder-el-5  el_after_av_textblock  el_before_av_textblock '><span class='hr-inner '><span class=\"hr-inner-style\"><\/span><\/span><\/div>\n<section  class='av_textblock_section av-ml6hn3zm-34b1204c1607dfb807b3c60851a50f34'  itemscope=\"itemscope\" itemtype=\"https:\/\/schema.org\/CreativeWork\" ><div class='avia_textblock'  itemprop=\"text\" ><p><strong><a href=\"https:\/\/webuntis.com\/?hint=school_not_found#\/basic\/login\">WebUnits<\/a><\/strong><\/p>\n<p><a href=\"https:\/\/bbs1osterode.de\/wp-content\/uploads\/2026\/02\/Eltern-und-Ausbildersprechtag-Anleitung-Eltern.pdf\"><strong>Eltern- und Ausbildersprechtag &#8211; Anleitung Eltern<\/strong><\/a><\/p>\n<p><strong><a href=\"https:\/\/bbs1osterode.de\/wp-content\/uploads\/2026\/02\/Eltern-und-Ausbildersprechtag-Anleitung-Betriebe.pdf\">Eltern- und Ausbildersprechtag &#8211; Anleitung Betriebe<\/a><\/strong><\/p>\n<p><a href=\"https:\/\/bbs1osterode.de\/wp-content\/uploads\/2026\/02\/Eltern-und-Ausbildersprechtag-Anleitung-Passwort-zuruecksetzen.pdf\"><strong> Eltern- und Ausbildersprechtag &#8211; Anleitung Passwort zur\u00fccksetzen<\/strong><\/a><\/p>\n<\/div><\/section>\n<div  class='hr av-1a4kdbs-9fa500f204f340ca31bbe4e910bce7ab hr-default  avia-builder-el-7  el_after_av_textblock  el_before_av_textblock '><span class='hr-inner '><span class=\"hr-inner-style\"><\/span><\/span><\/div>\n<section  class='av_textblock_section av-ml6i1tvq-5146d0ad59928d1e7f2ef42c964c57fc'  itemscope=\"itemscope\" itemtype=\"https:\/\/schema.org\/CreativeWork\" ><div class='avia_textblock'  itemprop=\"text\" ><p>\u00dcber die in der \u00dcbersicht aufgef\u00fchrten Mailadressen k\u00f6nnen Sie zu den Lehrkr\u00e4ften Kontakt aufnehmen, die am Sprechtag nicht anwesend sind.<strong><br \/>\n<\/strong><\/p>\n<p><a href=\"https:\/\/bbs1osterode.de\/wp-content\/uploads\/2026\/02\/Uebersicht-Lehrkraefte.pdf\"><strong>\u00dcbersicht Lehrkr\u00e4fte<\/strong><\/a><\/p>\n<\/div><\/section>\n<div class='flex_column av-mb1qqg-db4f07217ec968562746cc08390c988e av_one_half  avia-builder-el-9  el_after_av_textblock  avia-builder-el-last  first flex_column_div column-top-margin'   ><p>\n<style type=\"text\/css\" data-created_by=\"avia_inline_auto\" id=\"style-css-av-ml6hth5x-bb72c88be1495faa6814edc7c8d60c8a\">\n#top .av-special-heading.av-ml6hth5x-bb72c88be1495faa6814edc7c8d60c8a{\npadding-bottom:10px;\n}\nbody .av-special-heading.av-ml6hth5x-bb72c88be1495faa6814edc7c8d60c8a .av-special-heading-tag .heading-char{\nfont-size:25px;\n}\n.av-special-heading.av-ml6hth5x-bb72c88be1495faa6814edc7c8d60c8a .av-subheading{\nfont-size:15px;\n}\n<\/style>\n<div  class='av-special-heading av-ml6hth5x-bb72c88be1495faa6814edc7c8d60c8a av-special-heading-h3  avia-builder-el-10  el_before_av_iconlist  avia-builder-el-first '><h3 class='av-special-heading-tag'  itemprop=\"headline\"  ><\/p>\n<p><b>Nat\u00fcrlich sind wir auch anders zu erreichen.<\/b><\/h3><div class=\"special-heading-border\"><div class=\"special-heading-inner-border\"><\/div><\/div><\/div><br \/>\n<div  class='avia-icon-list-container av-ml6hxyal-999afeb11ea2d3bc062b6f6298f769b2  avia-builder-el-11  el_after_av_heading  avia-builder-el-last '><ul class='avia-icon-list avia_animate_when_almost_visible avia-icon-list-left av-iconlist-small av-ml6hxyal-999afeb11ea2d3bc062b6f6298f769b2 avia-iconlist-animate'>\n<li><div class='iconlist_icon av-ml6hvkvh-cca0a35fe2cfad46a99c430f30b0c227 avia-font-entypo-fontello'><span class='iconlist-char' aria-hidden='true' data-av_icon='\ue854' data-av_iconfont='entypo-fontello'><\/span><\/div><article class=\"article-icon-entry \"  itemscope=\"itemscope\" itemtype=\"https:\/\/schema.org\/CreativeWork\" ><div class=\"iconlist_content_wrap\"><header class=\"entry-content-header\"><div class='av_iconlist_title iconlist_title_small  '  itemprop=\"headline\" ><b>So erreichst Du das Sekretariat<\/b><\/div><\/header><div class='iconlist_content '  itemprop=\"text\" ><p>Telefon: 05522 5027-0<br \/>\n<span lang=\"IT\">Telefax: <\/span>05522 5027-15<\/p>\n<\/div><\/div><footer class=\"entry-footer\"><\/footer><\/article><div class=\"iconlist-timeline\"><\/div><\/li>\n<li><div class='iconlist_icon av-ml6hxj8z-4a6cb420d2b7e141054786925d9a1680 avia-font-entypo-fontello'><span class='iconlist-char' aria-hidden='true' data-av_icon='\ue862' data-av_iconfont='entypo-fontello'><\/span><\/div><article class=\"article-icon-entry \"  itemscope=\"itemscope\" itemtype=\"https:\/\/schema.org\/CreativeWork\" ><div class=\"iconlist_content_wrap\"><header class=\"entry-content-header\"><div class='av_iconlist_title iconlist_title_small  '  itemprop=\"headline\" ><b>\u00d6ffnungszeiten des Sekretariats<\/b><\/div><\/header><div class='iconlist_content '  itemprop=\"text\" ><p>Montag bis Freitag:\u00a0\u00a0\u00a0\u00a0\u00a0\u00a0\u00a0\u00a0\u00a0\u00a0\u00a0\u00a007:00-13:15\u00a0Uhr<br \/>\nDienstag &amp; Donnerstag:\u00a0\u00a0\u00a0 14:00-16:00 Uhr<\/p>\n<\/div><\/div><footer class=\"entry-footer\"><\/footer><\/article><div class=\"iconlist-timeline\"><\/div><\/li>\n<\/ul><\/div><\/p><\/div>\n","protected":false},"excerpt":{"rendered":"","protected":false},"author":40,"featured_media":0,"parent":155,"menu_order":0,"comment_status":"closed","ping_status":"closed","template":"","meta":[],"_links":{"self":[{"href":"https:\/\/bbs1osterode.de\/index.php\/wp-json\/wp\/v2\/pages\/12952"}],"collection":[{"href":"https:\/\/bbs1osterode.de\/index.php\/wp-json\/wp\/v2\/pages"}],"about":[{"href":"https:\/\/bbs1osterode.de\/index.php\/wp-json\/wp\/v2\/types\/page"}],"author":[{"embeddable":true,"href":"https:\/\/bbs1osterode.de\/index.php\/wp-json\/wp\/v2\/users\/40"}],"replies":[{"embeddable":true,"href":"https:\/\/bbs1osterode.de\/index.php\/wp-json\/wp\/v2\/comments?post=12952"}],"version-history":[{"count":12,"href":"https:\/\/bbs1osterode.de\/index.php\/wp-json\/wp\/v2\/pages\/12952\/revisions"}],"predecessor-version":[{"id":12965,"href":"https:\/\/bbs1osterode.de\/index.php\/wp-json\/wp\/v2\/pages\/12952\/revisions\/12965"}],"up":[{"embeddable":true,"href":"https:\/\/bbs1osterode.de\/index.php\/wp-json\/wp\/v2\/pages\/155"}],"wp:attachment":[{"href":"https:\/\/bbs1osterode.de\/index.php\/wp-json\/wp\/v2\/media?parent=12952"}],"curies":[{"name":"wp","href":"https:\/\/api.w.org\/{rel}","templated":true}]}}