{"id":1299,"date":"2017-06-16T15:55:10","date_gmt":"2017-06-16T13:55:10","guid":{"rendered":"https:\/\/bbs1osterode.de\/?page_id=1299"},"modified":"2023-11-15T20:06:17","modified_gmt":"2023-11-15T19:06:17","slug":"anfahrtsskizze-und-parkmoeglichkeiten","status":"publish","type":"page","link":"https:\/\/bbs1osterode.de\/index.php\/anfahrtsskizze-und-parkmoeglichkeiten\/","title":{"rendered":"Anfahrtsskizze und Parkm\u00f6glichkeiten"},"content":{"rendered":"<div id='layer_slider_1'  class='avia-layerslider main_color avia-shadow  avia-builder-el-0  el_before_av_hr  avia-builder-el-first  container_wrap fullsize'  style='height: 401px;'  ><\/div><div id='after_layer_slider_1'  class='main_color av_default_container_wrap container_wrap fullsize'  ><div class='container av-section-cont-open' ><div class='template-page content  av-content-full alpha units'><div class='post-entry post-entry-type-page post-entry-1299'><div class='entry-content-wrapper clearfix'>\n\n<style type=\"text\/css\" data-created_by=\"avia_inline_auto\" id=\"style-css-av-p5t4gz-5358ceda942944e457d5457f06d0430d\">\n#top .hr.hr-invisible.av-p5t4gz-5358ceda942944e457d5457f06d0430d{\nheight:30px;\n}\n<\/style>\n<div  class='hr av-p5t4gz-5358ceda942944e457d5457f06d0430d hr-invisible  avia-builder-el-1  el_after_av_layerslider  el_before_av_one_fourth  avia-builder-el-first '><span class='hr-inner '><span class=\"hr-inner-style\"><\/span><\/span><\/div>\n\n<style type=\"text\/css\" data-created_by=\"avia_inline_auto\" id=\"style-css-av-oa2xn7-c647495b4b33257ac6451a03be2f6281\">\n.flex_column.av-oa2xn7-c647495b4b33257ac6451a03be2f6281{\nborder-radius:0px 0px 0px 0px;\n-webkit-border-radius:0px 0px 0px 0px;\n-moz-border-radius:0px 0px 0px 0px;\n}\n<\/style>\n<div class='flex_column av-oa2xn7-c647495b4b33257ac6451a03be2f6281 av_one_fourth  avia-builder-el-2  el_after_av_hr  el_before_av_three_fourth  first flex_column_div av-zero-column-padding '   ><p><div  class='hr av-m71o9v-4ad459a8cdb5078a2a134776590bac31 hr-default  avia-builder-el-3  el_before_av_heading  avia-builder-el-first '><span class='hr-inner '><span class=\"hr-inner-style\"><\/span><\/span><\/div><br \/>\n\n<style type=\"text\/css\" data-created_by=\"avia_inline_auto\" id=\"style-css-av-l7no2r-8c7fe85f009705b624f63515b51e9b96\">\n#top .av-special-heading.av-l7no2r-8c7fe85f009705b624f63515b51e9b96{\npadding-bottom:20px;\nfont-size:30px;\n}\nbody .av-special-heading.av-l7no2r-8c7fe85f009705b624f63515b51e9b96 .av-special-heading-tag .heading-char{\nfont-size:25px;\n}\n#top #wrap_all .av-special-heading.av-l7no2r-8c7fe85f009705b624f63515b51e9b96 .av-special-heading-tag{\nfont-size:30px;\n}\n.av-special-heading.av-l7no2r-8c7fe85f009705b624f63515b51e9b96 .av-subheading{\nfont-size:15px;\n}\n<\/style>\n<div  class='av-special-heading av-l7no2r-8c7fe85f009705b624f63515b51e9b96 av-special-heading-h3 blockquote modern-quote  avia-builder-el-4  el_after_av_hr  el_before_av_textblock  av-inherit-size'><h3 class='av-special-heading-tag'  itemprop=\"headline\"  ><b>Anschrift<\/b><\/h3><div class=\"special-heading-border\"><div class=\"special-heading-inner-border\"><\/div><\/div><\/div><br \/>\n\n<style type=\"text\/css\" data-created_by=\"avia_inline_auto\" id=\"style-css-av-j3n1k3-a66ff983e1318be5d9133ad84af0ce94\">\n#top .av_textblock_section.av-j3n1k3-a66ff983e1318be5d9133ad84af0ce94 .avia_textblock{\nfont-size:14px;\n}\n<\/style>\n<section  class='av_textblock_section av-j3n1k3-a66ff983e1318be5d9133ad84af0ce94'  itemscope=\"itemscope\" itemtype=\"https:\/\/schema.org\/CreativeWork\" ><div class='avia_textblock'  itemprop=\"text\" ><p class=\"bodytext\"><b>Berufsbildende Schulen I\u00a0<\/b><br \/>\nOsterode am Harz<br \/>\n<b>Europa-Schule<\/b><br \/>\n&#8211; Handelslehranstalt &#8211;<br \/>\nNeust\u00e4dter Tor 1\/3<br \/>\n<b>37520 Osterode am Harz<\/b><\/p>\n<p>Telefon: 05522 5027-0<br \/>\n<span lang=\"IT\">Telefax: 05522 5027-150<\/span><\/p>\n<p><a href=\"mailto:verwaltung@bbs1osterode.de\"><span lang=\"IT\">verwaltung@bbs1osterode.de<\/span><\/a><span lang=\"IT\"><br \/>\n<\/span><a href=\"http:\/\/www.bbs1osterode.de\/\" target=\"_blank\" rel=\"noopener\">www.bbs1osterode.de<\/a><\/p>\n<\/div><\/section><\/p><\/div>\n<style type=\"text\/css\" data-created_by=\"avia_inline_auto\" id=\"style-css-av-i2uvsz-16a43a2c357e56107f91d96ccc6e2ec2\">\n.flex_column.av-i2uvsz-16a43a2c357e56107f91d96ccc6e2ec2{\nborder-radius:0px 0px 0px 0px;\n-webkit-border-radius:0px 0px 0px 0px;\n-moz-border-radius:0px 0px 0px 0px;\n}\n<\/style>\n<div class='flex_column av-i2uvsz-16a43a2c357e56107f91d96ccc6e2ec2 av_three_fourth  avia-builder-el-6  el_after_av_one_fourth  el_before_av_hr  flex_column_div av-zero-column-padding '   ><p><div  class='hr av-f2l7g3-1aba8f16a316b65ae225b3726adead34 hr-default  avia-builder-el-7  el_before_av_heading  avia-builder-el-first '><span class='hr-inner '><span class=\"hr-inner-style\"><\/span><\/span><\/div><br \/>\n\n<style type=\"text\/css\" data-created_by=\"avia_inline_auto\" id=\"style-css-av-ehxogz-9e44ccaecae772851cd9ffa265b1f081\">\n#top .av-special-heading.av-ehxogz-9e44ccaecae772851cd9ffa265b1f081{\npadding-bottom:20px;\nfont-size:20px;\n}\nbody .av-special-heading.av-ehxogz-9e44ccaecae772851cd9ffa265b1f081 .av-special-heading-tag .heading-char{\nfont-size:25px;\n}\n#top #wrap_all .av-special-heading.av-ehxogz-9e44ccaecae772851cd9ffa265b1f081 .av-special-heading-tag{\nfont-size:20px;\n}\n.av-special-heading.av-ehxogz-9e44ccaecae772851cd9ffa265b1f081 .av-subheading{\nfont-size:15px;\n}\n<\/style>\n<div  class='av-special-heading av-ehxogz-9e44ccaecae772851cd9ffa265b1f081 av-special-heading-h3 blockquote modern-quote  avia-builder-el-8  el_after_av_hr  el_before_av_textblock  av-inherit-size'><h3 class='av-special-heading-tag'  itemprop=\"headline\"  ><b>Du m\u00f6chtest uns besuchen? Du f\u00e4hrst immer mit dem Auto zur Schule? <\/b><\/h3><div class=\"special-heading-border\"><div class=\"special-heading-inner-border\"><\/div><\/div><\/div><br \/>\n<section  class='av_textblock_section av-ckalub-5d41aed1519140eea37651abbeb94a84'  itemscope=\"itemscope\" itemtype=\"https:\/\/schema.org\/CreativeWork\" ><div class='avia_textblock'  itemprop=\"text\" ><p>Bitte beachte:<\/p>\n<p>Wir haben leider keinen schuleigenen Parkplatz. Allerdings\u00a0befinden sich\u00a0in der n\u00e4heren Umgebung unserer Schule gl\u00fccklicherweise viele \u00f6ffentliche Parkpl\u00e4tze, f\u00fcr die keine Geb\u00fchr anf\u00e4llt.<\/p>\n<p>Wir empfehlen:<\/p>\n<ul>\n<li><em>Parkplatz am Bahnhof<\/em> bzw. an der Schachtrupp-Villa (direkt gegen\u00fcber vom Haupteingang unserer Schule). Bitte achte darauf, dass es hier (wenige) zeitlich begrenzte Parkpl\u00e4tze f\u00fcr Zugfahrer gibt. Die solltest du nicht benutzen, wenn dein Besuch l\u00e4nger als eine Stunde dauert.<\/li>\n<li><em>Parkpl\u00e4tze in der Schwimmbadstra\u00dfe<\/em><\/li>\n<li><em>A<\/em>us Kulanz d\u00fcrfen wir auch einen kleinen Teil des Parkplatzes vom <em>Aloha-Aqualand<\/em> Osterode nutzen. Bitte beachte in jedem Fall die Hinweise des Schwimmbadpersonals, andernfalls haben wir hier zuk\u00fcnftig keine Parkm\u00f6glichkeit mehr.<\/li>\n<\/ul>\n<p>Plane diese Situation\u00a0zeitlich bitte ein, wenn du regelm\u00e4\u00dfig mit dem Auto zur Schule f\u00e4hrst.<\/p>\n<\/div><\/section><\/p><\/div><\/p>\n\n<style type=\"text\/css\" data-created_by=\"avia_inline_auto\" id=\"style-css-av-adho7n-a451455f34d876acec296ed4cd5b4fda\">\n#top .hr.hr-invisible.av-adho7n-a451455f34d876acec296ed4cd5b4fda{\nheight:30px;\n}\n<\/style>\n<div  class='hr av-adho7n-a451455f34d876acec296ed4cd5b4fda hr-invisible  avia-builder-el-10  el_after_av_three_fourth  el_before_av_heading '><span class='hr-inner '><span class=\"hr-inner-style\"><\/span><\/span><\/div>\n\n<style type=\"text\/css\" data-created_by=\"avia_inline_auto\" id=\"style-css-av-9x23wz-4e7edb2836595c0c1031ec8e36f81197\">\n#top .av-special-heading.av-9x23wz-4e7edb2836595c0c1031ec8e36f81197{\npadding-bottom:20px;\nfont-size:30px;\n}\nbody .av-special-heading.av-9x23wz-4e7edb2836595c0c1031ec8e36f81197 .av-special-heading-tag .heading-char{\nfont-size:25px;\n}\n#top #wrap_all .av-special-heading.av-9x23wz-4e7edb2836595c0c1031ec8e36f81197 .av-special-heading-tag{\nfont-size:30px;\n}\n.av-special-heading.av-9x23wz-4e7edb2836595c0c1031ec8e36f81197 .av-subheading{\nfont-size:15px;\n}\n<\/style>\n<div  class='av-special-heading av-9x23wz-4e7edb2836595c0c1031ec8e36f81197 av-special-heading-h3 blockquote modern-quote  avia-builder-el-11  el_after_av_hr  el_before_av_one_full  av-inherit-size'><h3 class='av-special-heading-tag'  itemprop=\"headline\"  ><b>Wir sehen uns hier.<\/b><\/h3><div class=\"special-heading-border\"><div class=\"special-heading-inner-border\"><\/div><\/div><\/div>\n\n<style type=\"text\/css\" data-created_by=\"avia_inline_auto\" id=\"style-css-av-7808lf-b206359735fdaba5f68a546d45e0b2e5\">\n.flex_column.av-7808lf-b206359735fdaba5f68a546d45e0b2e5{\nborder-radius:0px 0px 0px 0px;\n-webkit-border-radius:0px 0px 0px 0px;\n-moz-border-radius:0px 0px 0px 0px;\n}\n<\/style>\n<div class='flex_column av-7808lf-b206359735fdaba5f68a546d45e0b2e5 av_one_full  avia-builder-el-12  el_after_av_heading  el_before_av_hr  first flex_column_div av-zero-column-padding '   ><div  class='av_gmaps_sc_main_wrap av_gmaps_main_wrap '><div id='av_gmap_0' class='avia-google-map-container avia-google-map-sc av_gmaps_show_unconditionally av-no-fallback-img ' data-mapid='av_gmap_0'  style='height: 400px;'><a class=\"av_gmaps_browser_disabled av_text_confirm_link av_text_confirm_link_visible\" href=\"https:\/\/www.google.com\/maps\/search\/?api=1&#038;query=Neust\u00e4dter%20Tor%201%20%20%2037520%20Osterode%20am%20Harz%20%20Deutschland\" target=\"_blank\" rel=\"noopener\">Aufgrund deiner Datenschutz-Einstellungen k\u00f6nnen wir Ihnen die Karte nicht anzeigen. Klicken Sie hier, um die Karte in einem neuen Fenster zu \u00f6ffnen.<\/a><\/div><\/div><\/div>\n\n<style type=\"text\/css\" data-created_by=\"avia_inline_auto\" id=\"style-css-av-33nvib-73a0009dbd95cde2d71cb10e4ea0c604\">\n#top .hr.hr-invisible.av-33nvib-73a0009dbd95cde2d71cb10e4ea0c604{\nheight:30px;\n}\n<\/style>\n<div  class='hr av-33nvib-73a0009dbd95cde2d71cb10e4ea0c604 hr-invisible  avia-builder-el-14  el_after_av_one_full  avia-builder-el-last '><span class='hr-inner '><span class=\"hr-inner-style\"><\/span><\/span><\/div>\n","protected":false},"excerpt":{"rendered":"","protected":false},"author":1,"featured_media":0,"parent":0,"menu_order":0,"comment_status":"closed","ping_status":"closed","template":"","meta":[],"_links":{"self":[{"href":"https:\/\/bbs1osterode.de\/index.php\/wp-json\/wp\/v2\/pages\/1299"}],"collection":[{"href":"https:\/\/bbs1osterode.de\/index.php\/wp-json\/wp\/v2\/pages"}],"about":[{"href":"https:\/\/bbs1osterode.de\/index.php\/wp-json\/wp\/v2\/types\/page"}],"author":[{"embeddable":true,"href":"https:\/\/bbs1osterode.de\/index.php\/wp-json\/wp\/v2\/users\/1"}],"replies":[{"embeddable":true,"href":"https:\/\/bbs1osterode.de\/index.php\/wp-json\/wp\/v2\/comments?post=1299"}],"version-history":[{"count":42,"href":"https:\/\/bbs1osterode.de\/index.php\/wp-json\/wp\/v2\/pages\/1299\/revisions"}],"predecessor-version":[{"id":12450,"href":"https:\/\/bbs1osterode.de\/index.php\/wp-json\/wp\/v2\/pages\/1299\/revisions\/12450"}],"wp:attachment":[{"href":"https:\/\/bbs1osterode.de\/index.php\/wp-json\/wp\/v2\/media?parent=1299"}],"curies":[{"name":"wp","href":"https:\/\/api.w.org\/{rel}","templated":true}]}}