{"id":1432,"date":"2017-06-21T11:31:31","date_gmt":"2017-06-21T09:31:31","guid":{"rendered":"https:\/\/bbs1osterode.de\/?page_id=1432"},"modified":"2025-08-13T21:41:33","modified_gmt":"2025-08-13T19:41:33","slug":"fos-11","status":"publish","type":"page","link":"https:\/\/bbs1osterode.de\/index.php\/fos-11\/","title":{"rendered":"FOS 11"},"content":{"rendered":"<div id='layer_slider_1'  class='avia-layerslider main_color avia-shadow  avia-builder-el-0  el_before_av_textblock  avia-builder-el-first  container_wrap fullsize'  style='height: 401px;'  ><\/div><div id='after_layer_slider_1'  class='main_color av_default_container_wrap container_wrap fullsize'  ><div class='container av-section-cont-open' ><div class='template-page content  av-content-full alpha units'><div class='post-entry post-entry-type-page post-entry-1432'><div class='entry-content-wrapper clearfix'>\n\n<style type=\"text\/css\" data-created_by=\"avia_inline_auto\" id=\"style-css-av-1efyorc-e483e72b7605f257b957081086adb175\">\n#top .av_textblock_section.av-1efyorc-e483e72b7605f257b957081086adb175 .avia_textblock{\nfont-size:40px;\n}\n<\/style>\n<section  class='av_textblock_section av-1efyorc-e483e72b7605f257b957081086adb175'  itemscope=\"itemscope\" itemtype=\"https:\/\/schema.org\/CreativeWork\" ><div class='avia_textblock'  itemprop=\"text\" ><p><strong>Fachoberschule Klasse 11<\/strong><\/p>\n<\/div><\/section>\n<section  class='av_textblock_section av-1cx0dmg-2740b890b2e38b663662b9669cd81dce'  itemscope=\"itemscope\" itemtype=\"https:\/\/schema.org\/CreativeWork\" ><div class='avia_textblock'  itemprop=\"text\" ><p><a href=\"https:\/\/bbs1osterode.de\/index.php\/fachoberschule-2\/\">zur\u00fcck zur \u00dcbersicht<\/a><\/p>\n<\/div><\/section>\n\n<style type=\"text\/css\" data-created_by=\"avia_inline_auto\" id=\"style-css-av-1bfpv9k-0f46a92ed2c57ad519d3c61b2fd96b45\">\n#top .hr.hr-invisible.av-1bfpv9k-0f46a92ed2c57ad519d3c61b2fd96b45{\nheight:50px;\n}\n<\/style>\n<div  class='hr av-1bfpv9k-0f46a92ed2c57ad519d3c61b2fd96b45 hr-invisible  avia-builder-el-3  el_after_av_textblock  el_before_av_three_fifth '><span class='hr-inner '><span class=\"hr-inner-style\"><\/span><\/span><\/div>\n\n<style type=\"text\/css\" data-created_by=\"avia_inline_auto\" id=\"style-css-av-19wyf1k-16d457020712c98df50a064b38f9d639\">\n.flex_column.av-19wyf1k-16d457020712c98df50a064b38f9d639{\nborder-radius:0px 0px 0px 0px;\n-webkit-border-radius:0px 0px 0px 0px;\n-moz-border-radius:0px 0px 0px 0px;\n}\n<\/style>\n<div class='flex_column av-19wyf1k-16d457020712c98df50a064b38f9d639 av_three_fifth  avia-builder-el-4  el_after_av_hr  el_before_av_one_fifth  first flex_column_div av-zero-column-padding '   ><p>\n<style type=\"text\/css\" data-created_by=\"avia_inline_auto\" id=\"style-css-av-185u97c-10f5b15e3d16b820307604a1fbf07256\">\n#top .av-special-heading.av-185u97c-10f5b15e3d16b820307604a1fbf07256{\npadding-bottom:20px;\nfont-size:22px;\n}\nbody .av-special-heading.av-185u97c-10f5b15e3d16b820307604a1fbf07256 .av-special-heading-tag .heading-char{\nfont-size:25px;\n}\n#top #wrap_all .av-special-heading.av-185u97c-10f5b15e3d16b820307604a1fbf07256 .av-special-heading-tag{\nfont-size:22px;\n}\n.av-special-heading.av-185u97c-10f5b15e3d16b820307604a1fbf07256 .av-subheading{\nfont-size:15px;\n}\n<\/style>\n<div  class='av-special-heading av-185u97c-10f5b15e3d16b820307604a1fbf07256 av-special-heading-h3 blockquote modern-quote  avia-builder-el-5  el_before_av_textblock  avia-builder-el-first  av-inherit-size'><h3 class='av-special-heading-tag'  itemprop=\"headline\"  ><b>Du m\u00f6chtest mit der FOS in Klasse 11 starten?<\/b><\/h3><div class=\"special-heading-border\"><div class=\"special-heading-inner-border\"><\/div><\/div><\/div><br \/>\n<section  class='av_textblock_section av-fbq7s-eba0bb0fe290375ec48d1c78c2929bac'  itemscope=\"itemscope\" itemtype=\"https:\/\/schema.org\/CreativeWork\" ><div class='avia_textblock'  itemprop=\"text\" ><p>F\u00fcr den Besuch der FOS Klasse 11 ben\u00f6tigst du den Sekundarabschluss I \u2013 Realschulabschluss und einen Praktikumsvertrag mit einem anerkannten Betrieb oder einer Einrichtung der Region.<\/p>\n<p>Da du die Fachoberschule &#8211; Wirtschaft und Verwaltung &#8211; Schwerpunkt Wirtschaft besuchen m\u00f6chtest, m\u00fcssen sinnvollerweise auch die Praktikumsbetriebe und -einrichtungen grundlegende berufliche F\u00e4higkeiten und Fertigkeiten aus dem Berufsbereich Wirtschaft und Verwaltung vermitteln k\u00f6nnen.<\/p>\n<p>Um deinen Praktikumsplatz musst du dich selbstst\u00e4ndig k\u00fcmmern. Das ist quasi wie bei der Bewerbung f\u00fcr einen Ausbildungsplatz. Du bist daf\u00fcr verantwortlich, ob du einen Praktikumsbetrieb findest. Der Betrieb oder die Einrichtung sollte bestimmte Voraussetzungen erf\u00fcllen, damit du einen m\u00f6glichst umfassenden \u00dcberblick \u00fcber die T\u00e4tigkeiten erhalten kannst. Informationen hierzu findest du in unserem <a href=\"https:\/\/bbs1osterode.de\/index.php\/downloads\/fos\">FLYER<\/a>.<\/p>\n<p>Solltest du Schwierigkeiten haben, einen Praktikumsplatz zu finden, dann meld dich bitte bei uns. Wir helfen dir gern.<\/p>\n<\/div><\/section><br \/>\n\n<style type=\"text\/css\" data-created_by=\"avia_inline_auto\" id=\"style-css-av-14l2ers-eb82bc13b4e905a0fba6f6c3f54a761e\">\n#top .av-special-heading.av-14l2ers-eb82bc13b4e905a0fba6f6c3f54a761e{\npadding-bottom:20px;\nfont-size:22px;\n}\nbody .av-special-heading.av-14l2ers-eb82bc13b4e905a0fba6f6c3f54a761e .av-special-heading-tag .heading-char{\nfont-size:25px;\n}\n#top #wrap_all .av-special-heading.av-14l2ers-eb82bc13b4e905a0fba6f6c3f54a761e .av-special-heading-tag{\nfont-size:22px;\n}\n.av-special-heading.av-14l2ers-eb82bc13b4e905a0fba6f6c3f54a761e .av-subheading{\nfont-size:15px;\n}\n<\/style>\n<div  class='av-special-heading av-14l2ers-eb82bc13b4e905a0fba6f6c3f54a761e av-special-heading-h3 blockquote modern-quote  avia-builder-el-7  el_after_av_textblock  el_before_av_textblock  av-inherit-size'><h3 class='av-special-heading-tag'  itemprop=\"headline\"  ><b>So sieht deine typische Schulwoche aus<\/b><\/h3><div class=\"special-heading-border\"><div class=\"special-heading-inner-border\"><\/div><\/div><\/div><br \/>\n<section  class='av_textblock_section av-13elch4-e4766214dee3f81f05efb376cce0bbed'  itemscope=\"itemscope\" itemtype=\"https:\/\/schema.org\/CreativeWork\" ><div class='avia_textblock'  itemprop=\"text\" ><p>Die FOS Klasse 11 gef\u00e4llt dir bestimmt super, weil du hier zus\u00e4tzlich zum Schulunterricht bereits erste T\u00e4tigkeiten in einem Betrieb \u00fcbernehmen wirst!<\/p>\n<p>Denn hier hast du zwei Schultage, diese liegen entweder montags und dienstags oder donnerstags und freitags. Auf die beiden Tage verteilen sich insgesamt 12 Unterrichtsstunden. Die verbleibenden Werktage der Woche bist du in deinem Praktikumsbetrieb.<\/p>\n<\/div><\/section><br \/>\n\n<style type=\"text\/css\" data-created_by=\"avia_inline_auto\" id=\"style-css-av-11rq7w8-30d1e3b4b2115c7f8e22b5ac66e25233\">\n#top .av-special-heading.av-11rq7w8-30d1e3b4b2115c7f8e22b5ac66e25233{\npadding-bottom:20px;\nfont-size:22px;\n}\nbody .av-special-heading.av-11rq7w8-30d1e3b4b2115c7f8e22b5ac66e25233 .av-special-heading-tag .heading-char{\nfont-size:25px;\n}\n#top #wrap_all .av-special-heading.av-11rq7w8-30d1e3b4b2115c7f8e22b5ac66e25233 .av-special-heading-tag{\nfont-size:22px;\n}\n.av-special-heading.av-11rq7w8-30d1e3b4b2115c7f8e22b5ac66e25233 .av-subheading{\nfont-size:15px;\n}\n<\/style>\n<div  class='av-special-heading av-11rq7w8-30d1e3b4b2115c7f8e22b5ac66e25233 av-special-heading-h3 blockquote modern-quote  avia-builder-el-9  el_after_av_textblock  el_before_av_textblock  av-inherit-size'><h3 class='av-special-heading-tag'  itemprop=\"headline\"  ><b>Das sind die Lerngebiete, die dich erwarten<\/b><\/h3><div class=\"special-heading-border\"><div class=\"special-heading-inner-border\"><\/div><\/div><\/div><br \/>\n<section  class='av_textblock_section av-zkqfco-9a097cbd1848cdfa18bbd6a4b5925257'  itemscope=\"itemscope\" itemtype=\"https:\/\/schema.org\/CreativeWork\" ><div class='avia_textblock'  itemprop=\"text\" ><table>\n<tbody>\n<tr>\n<th><\/th>\n<th>Lerngebiet<\/th>\n<th><\/th>\n<\/tr>\n<tr>\n<td>11.1<\/td>\n<td>Unternehmen in ihren Strukturen und Prozessen darstellen und vergleichen<\/td>\n<td><\/td>\n<\/tr>\n<tr>\n<td>11.2<\/td>\n<td>Unternehmensbezogene Informationen computergest\u00fctzt verarbeiten<\/td>\n<td><\/td>\n<\/tr>\n<tr>\n<td>11.3<\/td>\n<td>Werte und Wertestr\u00f6me unter Einsatz einer integrierten ERP-Software erfassen, darstellen und auswerten<\/td>\n<td><\/td>\n<\/tr>\n<\/tbody>\n<\/table>\n<\/div><\/section><br \/>\n\n<style type=\"text\/css\" data-created_by=\"avia_inline_auto\" id=\"style-css-av-xsp98o-f3bcc1582f96b3fd4089f138d7256af4\">\n#top .av-special-heading.av-xsp98o-f3bcc1582f96b3fd4089f138d7256af4{\npadding-bottom:20px;\nfont-size:22px;\n}\nbody .av-special-heading.av-xsp98o-f3bcc1582f96b3fd4089f138d7256af4 .av-special-heading-tag .heading-char{\nfont-size:25px;\n}\n#top #wrap_all .av-special-heading.av-xsp98o-f3bcc1582f96b3fd4089f138d7256af4 .av-special-heading-tag{\nfont-size:22px;\n}\n.av-special-heading.av-xsp98o-f3bcc1582f96b3fd4089f138d7256af4 .av-subheading{\nfont-size:15px;\n}\n<\/style>\n<div  class='av-special-heading av-xsp98o-f3bcc1582f96b3fd4089f138d7256af4 av-special-heading-h3 blockquote modern-quote  avia-builder-el-11  el_after_av_textblock  el_before_av_textblock  av-inherit-size'><h3 class='av-special-heading-tag'  itemprop=\"headline\"  ><b>Besonderheiten deines Schulalltags<\/b><\/h3><div class=\"special-heading-border\"><div class=\"special-heading-inner-border\"><\/div><\/div><\/div><br \/>\n<section  class='av_textblock_section av-wtn1fc-7f363c2f03cf6400de3e24536e9d268e'  itemscope=\"itemscope\" itemtype=\"https:\/\/schema.org\/CreativeWork\" ><div class='avia_textblock'  itemprop=\"text\" ><p>Wir m\u00f6chten dich dabei unterst\u00fctzen, Lernstrategien f\u00fcr deine Schulzeit und deine weitere Laufbahn zu erlernen. Daher organisieren f\u00fcr dich Sch\u00fclerinnen und Sch\u00fclern der 12. Klasse der Fachoberschule einen Methodentag. Hier lernst du z. B.<\/p>\n<ul>\n<li>wie du dich gezielt auf Klassenarbeiten vorbereiten kannst,<\/li>\n<li>wie du deine Lernzeit effizient nutzen kannst,<\/li>\n<li>wie du mit schwierigen und langen Texten umgehst,<\/li>\n<li>wie du Inhalte strukturiert wiedergeben kannst.<\/li>\n<\/ul>\n<p>Die Methoden sind fester Bestandteil deines Unterrichts.<\/p>\n<\/div><\/section><br \/>\n\n<style type=\"text\/css\" data-created_by=\"avia_inline_auto\" id=\"style-css-av-v9nfp4-0813ddec24157554b31b86ecb27de662\">\n#top .av-special-heading.av-v9nfp4-0813ddec24157554b31b86ecb27de662{\npadding-bottom:20px;\nfont-size:22px;\n}\nbody .av-special-heading.av-v9nfp4-0813ddec24157554b31b86ecb27de662 .av-special-heading-tag .heading-char{\nfont-size:25px;\n}\n#top #wrap_all .av-special-heading.av-v9nfp4-0813ddec24157554b31b86ecb27de662 .av-special-heading-tag{\nfont-size:22px;\n}\n.av-special-heading.av-v9nfp4-0813ddec24157554b31b86ecb27de662 .av-subheading{\nfont-size:15px;\n}\n<\/style>\n<div  class='av-special-heading av-v9nfp4-0813ddec24157554b31b86ecb27de662 av-special-heading-h3 blockquote modern-quote  avia-builder-el-13  el_after_av_textblock  el_before_av_textblock  av-inherit-size'><h3 class='av-special-heading-tag'  itemprop=\"headline\"  ><b>Du bist erfolgreich, wenn&#8230;<\/b><\/h3><div class=\"special-heading-border\"><div class=\"special-heading-inner-border\"><\/div><\/div><\/div><br \/>\n<section  class='av_textblock_section av-spwbns-90a8bd4ec805ac09333d280534f07352'  itemscope=\"itemscope\" itemtype=\"https:\/\/schema.org\/CreativeWork\" ><div class='avia_textblock'  itemprop=\"text\" ><ul>\n<li>du die Versetzung in Klasse 12 schaffst.<\/li>\n<li>du mindestens 960 Stunden in deinem Praktikumsbetrieb gearbeitet hast.<\/li>\n<li>du die Versetzung in Klasse 12 nicht schaffst, dich aber nicht unterkriegen l\u00e4sst und es nochmal versuchst.<\/li>\n<li>du die Versetzung in Klasse 12 nicht schaffst und feststellst, dass diese Schulform vielleicht nicht dein Ding war und du ganz sicher andere St\u00e4rken hast, die du jetzt verfolgen wirst.<\/li>\n<\/ul>\n<\/div><\/section><\/p><\/div>\n\n<style type=\"text\/css\" data-created_by=\"avia_inline_auto\" id=\"style-css-av-qqoga0-d7baefa22261e7a056be40b060842334\">\n.flex_column.av-qqoga0-d7baefa22261e7a056be40b060842334{\nborder-radius:0px 0px 0px 0px;\n-webkit-border-radius:0px 0px 0px 0px;\n-moz-border-radius:0px 0px 0px 0px;\n}\n<\/style>\n<div class='flex_column av-qqoga0-d7baefa22261e7a056be40b060842334 av_one_fifth  avia-builder-el-15  el_after_av_three_fifth  el_before_av_one_fifth  flex_column_div av-zero-column-padding '   ><p>\n<style type=\"text\/css\" data-created_by=\"avia_inline_auto\" id=\"style-css-av-qg0sjs-c6f6f3cc9a64b881b2bf7fb09e1400f4\">\n.avia-image-container.av-qg0sjs-c6f6f3cc9a64b881b2bf7fb09e1400f4 .av-image-caption-overlay-center{\ncolor:#ffffff;\n}\n<\/style>\n<div  class='avia-image-container av-qg0sjs-c6f6f3cc9a64b881b2bf7fb09e1400f4 av-styling- avia-align-center  avia-builder-el-16  el_before_av_hr  avia-builder-el-first '  itemprop=\"image\" itemscope=\"itemscope\" itemtype=\"https:\/\/schema.org\/ImageObject\" ><div class=\"avia-image-container-inner\"><div class=\"avia-image-overlay-wrap\"><img class='wp-image-12677 avia-img-lazy-loading-not-12677 avia_image' src=\"https:\/\/bbs1osterode.de\/wp-content\/uploads\/2025\/08\/Birgit-Fischer-771x1030.png\" alt='' title='Birgit Fischer'  height=\"1030\" width=\"771\"  itemprop=\"thumbnailUrl\" srcset=\"https:\/\/bbs1osterode.de\/wp-content\/uploads\/2025\/08\/Birgit-Fischer-771x1030.png 771w, https:\/\/bbs1osterode.de\/wp-content\/uploads\/2025\/08\/Birgit-Fischer-225x300.png 225w, https:\/\/bbs1osterode.de\/wp-content\/uploads\/2025\/08\/Birgit-Fischer-768x1026.png 768w, https:\/\/bbs1osterode.de\/wp-content\/uploads\/2025\/08\/Birgit-Fischer-1150x1536.png 1150w, https:\/\/bbs1osterode.de\/wp-content\/uploads\/2025\/08\/Birgit-Fischer-1534x2048.png 1534w, https:\/\/bbs1osterode.de\/wp-content\/uploads\/2025\/08\/Birgit-Fischer-1123x1500.png 1123w, https:\/\/bbs1osterode.de\/wp-content\/uploads\/2025\/08\/Birgit-Fischer-528x705.png 528w\" sizes=\"(max-width: 771px) 100vw, 771px\" \/><\/div><\/div><\/div><br \/>\n\n<style type=\"text\/css\" data-created_by=\"avia_inline_auto\" id=\"style-css-av-2d1dfs-8bb9cf5d17e226a17fd7cb2bcf229bf9\">\n#top .hr.hr-invisible.av-2d1dfs-8bb9cf5d17e226a17fd7cb2bcf229bf9{\nheight:10px;\n}\n<\/style>\n<div  class='hr av-2d1dfs-8bb9cf5d17e226a17fd7cb2bcf229bf9 hr-invisible  avia-builder-el-17  el_after_av_image  el_before_av_textblock '><span class='hr-inner '><span class=\"hr-inner-style\"><\/span><\/span><\/div><br \/>\n<section  class='av_textblock_section av-mbkkko-ebb9dbae7456b6fdd8439e22f01ec944'  itemscope=\"itemscope\" itemtype=\"https:\/\/schema.org\/CreativeWork\" ><div class='avia_textblock'  itemprop=\"text\" ><p>Studiendirektorin<br \/>\n<strong>Birgit Fischer<br \/>\n<\/strong>Abteilungsleitung Fachoberschule<\/p>\n<p>Koordinatorin<\/p>\n<p>Tel: 05522 5027-104<br \/>\n<a href=\"mailto:birgit.fischer@bbs1osterode.de\">birgit.fischer@bbs1osterode.de<\/a><\/p>\n<\/div><\/section><\/p><\/div>\n<style type=\"text\/css\" data-created_by=\"avia_inline_auto\" id=\"style-css-av-kty9u0-2b6556b1e4e27723d8e8d9c9452dbdc4\">\n.flex_column.av-kty9u0-2b6556b1e4e27723d8e8d9c9452dbdc4{\nborder-radius:0px 0px 0px 0px;\n-webkit-border-radius:0px 0px 0px 0px;\n-moz-border-radius:0px 0px 0px 0px;\n}\n<\/style>\n<div class='flex_column av-kty9u0-2b6556b1e4e27723d8e8d9c9452dbdc4 av_one_fifth  avia-builder-el-19  el_after_av_one_fifth  el_before_av_one_full  flex_column_div av-zero-column-padding '   ><p>\n<style type=\"text\/css\" data-created_by=\"avia_inline_auto\" id=\"style-css-av-jnas20-a956e7528cc229d1814175f27c9b4f84\">\n.avia-image-container.av-jnas20-a956e7528cc229d1814175f27c9b4f84 .av-image-caption-overlay-center{\ncolor:#ffffff;\n}\n<\/style>\n<div  class='avia-image-container av-jnas20-a956e7528cc229d1814175f27c9b4f84 av-styling- avia-align-center  avia-builder-el-20  el_before_av_hr  avia-builder-el-first '  itemprop=\"image\" itemscope=\"itemscope\" itemtype=\"https:\/\/schema.org\/ImageObject\" ><div class=\"avia-image-container-inner\"><div class=\"avia-image-overlay-wrap\"><img class='wp-image-12680 avia-img-lazy-loading-not-12680 avia_image' src=\"https:\/\/bbs1osterode.de\/wp-content\/uploads\/2025\/08\/Britta-Ziegler-726x1030.jpg\" alt='' title='Britta Ziegler'  height=\"1030\" width=\"726\"  itemprop=\"thumbnailUrl\" srcset=\"https:\/\/bbs1osterode.de\/wp-content\/uploads\/2025\/08\/Britta-Ziegler-726x1030.jpg 726w, https:\/\/bbs1osterode.de\/wp-content\/uploads\/2025\/08\/Britta-Ziegler-211x300.jpg 211w, https:\/\/bbs1osterode.de\/wp-content\/uploads\/2025\/08\/Britta-Ziegler-768x1090.jpg 768w, https:\/\/bbs1osterode.de\/wp-content\/uploads\/2025\/08\/Britta-Ziegler-1083x1536.jpg 1083w, https:\/\/bbs1osterode.de\/wp-content\/uploads\/2025\/08\/Britta-Ziegler-1443x2048.jpg 1443w, https:\/\/bbs1osterode.de\/wp-content\/uploads\/2025\/08\/Britta-Ziegler-1057x1500.jpg 1057w, https:\/\/bbs1osterode.de\/wp-content\/uploads\/2025\/08\/Britta-Ziegler-497x705.jpg 497w, https:\/\/bbs1osterode.de\/wp-content\/uploads\/2025\/08\/Britta-Ziegler-scaled.jpg 1804w\" sizes=\"(max-width: 726px) 100vw, 726px\" \/><\/div><\/div><\/div><br \/>\n\n<style type=\"text\/css\" data-created_by=\"avia_inline_auto\" id=\"style-css-av-hn5weg-f7a667227f1339780e1b4f166c2091a6\">\n#top .hr.hr-invisible.av-hn5weg-f7a667227f1339780e1b4f166c2091a6{\nheight:10px;\n}\n<\/style>\n<div  class='hr av-hn5weg-f7a667227f1339780e1b4f166c2091a6 hr-invisible  avia-builder-el-21  el_after_av_image  el_before_av_textblock '><span class='hr-inner '><span class=\"hr-inner-style\"><\/span><\/span><\/div><br \/>\n<section  class='av_textblock_section av-g1zn6g-c94eba7078d3326174ce17dd6770da00'  itemscope=\"itemscope\" itemtype=\"https:\/\/schema.org\/CreativeWork\" ><div class='avia_textblock'  itemprop=\"text\" ><p>Oberstudienr\u00e4tin<strong><br \/>\nBritta Ziegler<br \/>\n<\/strong>Diplom-Handelslehrerin<\/p>\n<p>Koordinationsassistentin<\/p>\n<p>Tel: 05522 5027-126<\/p>\n<p><a href=\"mailto:britta.ziegler@bbs1osterode.de\">britta.ziegler@bbs1osterode.de<\/a><\/p>\n<\/div><\/section><br \/>\n\n<style type=\"text\/css\" data-created_by=\"avia_inline_auto\" id=\"style-css-av-dx1so8-d5cb86acb685e7b71905f1090e9d0cdf\">\n#top .hr.hr-invisible.av-dx1so8-d5cb86acb685e7b71905f1090e9d0cdf{\nheight:20px;\n}\n<\/style>\n<div  class='hr av-dx1so8-d5cb86acb685e7b71905f1090e9d0cdf hr-invisible  avia-builder-el-23  el_after_av_textblock  el_before_av_button_big  avia-builder-el-last '><span class='hr-inner '><span class=\"hr-inner-style\"><\/span><\/span><\/div><br \/>\n<div  class='avia-button-wrap avia-button-center  avia-builder-el-24  el_after_av_hr  el_before_av_hr ' >\n<style type=\"text\/css\" data-created_by=\"avia_inline_auto\" id=\"style-css-av-c9jy6w-00d30971dd1fbc89e32a9e578e005ac0\">\n#top #wrap_all .avia-button.av-c9jy6w-00d30971dd1fbc89e32a9e578e005ac0{\ncolor:#ffffff;\ntransition:all 0.4s ease-in-out;\n-webkit-transition:all 0.4s ease-in-out;\n-moz-transition:all 0.4s ease-in-out;\n-ms-transition:all 0.4s ease-in-out;\n-o-transition:all 0.4s ease-in-out;\n}\n#top #wrap_all .avia-button.av-c9jy6w-00d30971dd1fbc89e32a9e578e005ac0:hover{\nbackground-color:#444444;\ncolor:#ffffff;\ntransition:all 0.4s ease-in-out;\n-webkit-transition:all 0.4s ease-in-out;\n-moz-transition:all 0.4s ease-in-out;\n-ms-transition:all 0.4s ease-in-out;\n-o-transition:all 0.4s ease-in-out;\n}\n<\/style>\n<a href='https:\/\/bbs1osterode.de\/index.php\/downloads\/#fos' class='avia-color-theme-color avia-button avia-button-fullwidth av-c9jy6w-00d30971dd1fbc89e32a9e578e005ac0 avia-icon_select-no avia-color-theme-color'  target=\"_blank\"  rel=\"noopener noreferrer\"><span class='avia_iconbox_title' >Anmeldeformular PDF<\/span><\/a><\/div><br \/>\n\n<style type=\"text\/css\" data-created_by=\"avia_inline_auto\" id=\"style-css-av-b7i4x4-ad0b1044c8d91566f2d7d35fe59dd7a8\">\n#top .hr.hr-invisible.av-b7i4x4-ad0b1044c8d91566f2d7d35fe59dd7a8{\nheight:20px;\n}\n<\/style>\n<div  class='hr av-b7i4x4-ad0b1044c8d91566f2d7d35fe59dd7a8 hr-invisible  avia-builder-el-25  el_after_av_button_big  el_before_av_button_big  avia-builder-el-no-sibling '><span class='hr-inner '><span class=\"hr-inner-style\"><\/span><\/span><\/div><br \/>\n<div  class='avia-button-wrap avia-button-center  avia-builder-el-26  el_after_av_hr  el_before_av_hr ' >\n<style type=\"text\/css\" data-created_by=\"avia_inline_auto\" id=\"style-css-av-8x7694-a4fc9c40b72690d9bb4ff12ce140125d\">\n#top #wrap_all .avia-button.av-8x7694-a4fc9c40b72690d9bb4ff12ce140125d{\ncolor:#ffffff;\ntransition:all 0.4s ease-in-out;\n-webkit-transition:all 0.4s ease-in-out;\n-moz-transition:all 0.4s ease-in-out;\n-ms-transition:all 0.4s ease-in-out;\n-o-transition:all 0.4s ease-in-out;\n}\n#top #wrap_all .avia-button.av-8x7694-a4fc9c40b72690d9bb4ff12ce140125d:hover{\nbackground-color:#444444;\ncolor:#ffffff;\ntransition:all 0.4s ease-in-out;\n-webkit-transition:all 0.4s ease-in-out;\n-moz-transition:all 0.4s ease-in-out;\n-ms-transition:all 0.4s ease-in-out;\n-o-transition:all 0.4s ease-in-out;\n}\n<\/style>\n<a href='https:\/\/bbs1osterode.de\/index.php\/downloads\/#fos' class='avia-color-theme-color avia-button avia-button-fullwidth av-8x7694-a4fc9c40b72690d9bb4ff12ce140125d avia-icon_select-no avia-color-theme-color'  target=\"_blank\"  rel=\"noopener noreferrer\"><span class='avia_iconbox_title' >Downloadbereich<\/span><\/a><\/div><br \/>\n\n<style type=\"text\/css\" data-created_by=\"avia_inline_auto\" id=\"style-css-av-7bprso-6963d7a64a06bf80ab6136784eecc7bd\">\n#top .hr.hr-invisible.av-7bprso-6963d7a64a06bf80ab6136784eecc7bd{\nheight:20px;\n}\n<\/style>\n<div  class='hr av-7bprso-6963d7a64a06bf80ab6136784eecc7bd hr-invisible  avia-builder-el-27  el_after_av_button_big  el_before_av_button_big  avia-builder-el-no-sibling '><span class='hr-inner '><span class=\"hr-inner-style\"><\/span><\/span><\/div><br \/>\n<div  class='avia-button-wrap avia-button-center  avia-builder-el-28  el_after_av_hr  avia-builder-el-last ' >\n<style type=\"text\/css\" data-created_by=\"avia_inline_auto\" id=\"style-css-av-5pai7c-4b8a44408602b2bf6abedb9e3bdc411e\">\n#top #wrap_all .avia-button.av-5pai7c-4b8a44408602b2bf6abedb9e3bdc411e{\ncolor:#ffffff;\ntransition:all 0.4s ease-in-out;\n-webkit-transition:all 0.4s ease-in-out;\n-moz-transition:all 0.4s ease-in-out;\n-ms-transition:all 0.4s ease-in-out;\n-o-transition:all 0.4s ease-in-out;\n}\n#top #wrap_all .avia-button.av-5pai7c-4b8a44408602b2bf6abedb9e3bdc411e:hover{\nbackground-color:#444444;\ncolor:#ffffff;\ntransition:all 0.4s ease-in-out;\n-webkit-transition:all 0.4s ease-in-out;\n-moz-transition:all 0.4s ease-in-out;\n-ms-transition:all 0.4s ease-in-out;\n-o-transition:all 0.4s ease-in-out;\n}\n<\/style>\n<a href='https:\/\/bbs1osterode.de\/index.php\/downloads\/#fos' class='avia-color-theme-color avia-button avia-button-fullwidth av-5pai7c-4b8a44408602b2bf6abedb9e3bdc411e avia-icon_select-no avia-color-theme-color'  target=\"_blank\"  rel=\"noopener noreferrer\"><span class='avia_iconbox_title' >Liebe Praktikumsbetriebe!<\/span><\/a><\/div><\/p><\/div><\/p>\n\n<style type=\"text\/css\" data-created_by=\"avia_inline_auto\" id=\"style-css-av-4xts2g-d94916dc9c60d0c1beb3b0954ce1781b\">\n.flex_column.av-4xts2g-d94916dc9c60d0c1beb3b0954ce1781b{\nborder-radius:0px 0px 0px 0px;\n-webkit-border-radius:0px 0px 0px 0px;\n-moz-border-radius:0px 0px 0px 0px;\n}\n<\/style>\n<div class='flex_column av-4xts2g-d94916dc9c60d0c1beb3b0954ce1781b av_one_full  avia-builder-el-29  el_after_av_one_fifth  avia-builder-el-last  first flex_column_div av-zero-column-padding column-top-margin'   ><section  class='av_textblock_section av-2izx7c-9abbf0375504c19638f122dbfe5dc5c0'  itemscope=\"itemscope\" itemtype=\"https:\/\/schema.org\/CreativeWork\" ><div class='avia_textblock'  itemprop=\"text\" ><p>Weitere Informationen findest du im <a href=\"https:\/\/bbs1osterode.de\/index.php\/downloads\/#fos\">FLYER<\/a>.<\/p>\n<\/div><\/section><\/div>\n","protected":false},"excerpt":{"rendered":"","protected":false},"author":1,"featured_media":0,"parent":0,"menu_order":0,"comment_status":"closed","ping_status":"closed","template":"","meta":[],"_links":{"self":[{"href":"https:\/\/bbs1osterode.de\/index.php\/wp-json\/wp\/v2\/pages\/1432"}],"collection":[{"href":"https:\/\/bbs1osterode.de\/index.php\/wp-json\/wp\/v2\/pages"}],"about":[{"href":"https:\/\/bbs1osterode.de\/index.php\/wp-json\/wp\/v2\/types\/page"}],"author":[{"embeddable":true,"href":"https:\/\/bbs1osterode.de\/index.php\/wp-json\/wp\/v2\/users\/1"}],"replies":[{"embeddable":true,"href":"https:\/\/bbs1osterode.de\/index.php\/wp-json\/wp\/v2\/comments?post=1432"}],"version-history":[{"count":53,"href":"https:\/\/bbs1osterode.de\/index.php\/wp-json\/wp\/v2\/pages\/1432\/revisions"}],"predecessor-version":[{"id":12682,"href":"https:\/\/bbs1osterode.de\/index.php\/wp-json\/wp\/v2\/pages\/1432\/revisions\/12682"}],"wp:attachment":[{"href":"https:\/\/bbs1osterode.de\/index.php\/wp-json\/wp\/v2\/media?parent=1432"}],"curies":[{"name":"wp","href":"https:\/\/api.w.org\/{rel}","templated":true}]}}