{"id":1647,"date":"2017-06-27T09:10:21","date_gmt":"2017-06-27T07:10:21","guid":{"rendered":"https:\/\/bbs1osterode.de\/?page_id=1647"},"modified":"2018-01-10T14:32:14","modified_gmt":"2018-01-10T13:32:14","slug":"personalrat","status":"publish","type":"page","link":"https:\/\/bbs1osterode.de\/index.php\/personalrat\/","title":{"rendered":"Personalrat"},"content":{"rendered":"\n<style type=\"text\/css\" data-created_by=\"avia_inline_auto\" id=\"style-css-av-av_hr-41ba6e246a6b120fa099380338ad1860\">\n#top .hr.hr-invisible.av-av_hr-41ba6e246a6b120fa099380338ad1860{\nmargin-top:-30px;\nheight:1px;\n}\n<\/style>\n<div  class='hr av-av_hr-41ba6e246a6b120fa099380338ad1860 hr-invisible  avia-builder-el-0  el_before_av_layerslider  avia-builder-el-no-sibling '><span class='hr-inner '><span class=\"hr-inner-style\"><\/span><\/span><\/div>\n<\/div><\/div><\/div><!-- close content main div --><\/div><\/div><div id='layer_slider_1'  class='avia-layerslider main_color avia-shadow  avia-builder-el-1  el_after_av_hr  el_before_av_textblock  slider-not-first container_wrap fullsize'  style='height: 401px;'  ><\/div><div id='after_layer_slider_1'  class='main_color av_default_container_wrap container_wrap fullsize'  ><div class='container av-section-cont-open' ><div class='template-page content  av-content-full alpha units'><div class='post-entry post-entry-type-page post-entry-1647'><div class='entry-content-wrapper clearfix'>\n\n<style type=\"text\/css\" data-created_by=\"avia_inline_auto\" id=\"style-css-av-av_textblock-231e32e9bc11653ec6044763221688eb\">\n#top .av_textblock_section.av-av_textblock-231e32e9bc11653ec6044763221688eb .avia_textblock{\nfont-size:40px;\ncolor:#004472;\n}\n<\/style>\n<section  class='av_textblock_section av-av_textblock-231e32e9bc11653ec6044763221688eb'  itemscope=\"itemscope\" itemtype=\"https:\/\/schema.org\/CreativeWork\" ><div class='avia_textblock av_inherit_color'  itemprop=\"text\" ><p><strong>Personalrat<\/strong><\/p>\n<\/div><\/section>\n\n<style type=\"text\/css\" data-created_by=\"avia_inline_auto\" id=\"style-css-av-av_hr-5ba6de4b9ffa97561ff6d0158ae5a65a\">\n#top .hr.hr-invisible.av-av_hr-5ba6de4b9ffa97561ff6d0158ae5a65a{\nmargin-top:0px;\nheight:1px;\n}\n<\/style>\n<div  class='hr av-av_hr-5ba6de4b9ffa97561ff6d0158ae5a65a hr-invisible  avia-builder-el-3  el_after_av_textblock  el_before_av_two_third '><span class='hr-inner '><span class=\"hr-inner-style\"><\/span><\/span><\/div>\n\n<style type=\"text\/css\" data-created_by=\"avia_inline_auto\" id=\"style-css-av-av_two_third-6126cab7d8fab8d08143dd2dacdf673c\">\n.flex_column.av-av_two_third-6126cab7d8fab8d08143dd2dacdf673c{\nborder-radius:0px 0px 0px 0px;\n-webkit-border-radius:0px 0px 0px 0px;\n-moz-border-radius:0px 0px 0px 0px;\n}\n<\/style>\n<div class='flex_column av-av_two_third-6126cab7d8fab8d08143dd2dacdf673c av_two_third  avia-builder-el-4  el_after_av_hr  el_before_av_one_third  first flex_column_div av-zero-column-padding '   ><p>\n<style type=\"text\/css\" data-created_by=\"avia_inline_auto\" id=\"style-css-av-av_heading-bae9cb37d7bc2bbfa328393d9c797a47\">\n#top .av-special-heading.av-av_heading-bae9cb37d7bc2bbfa328393d9c797a47{\npadding-bottom:30px;\nfont-size:22px;\n}\nbody .av-special-heading.av-av_heading-bae9cb37d7bc2bbfa328393d9c797a47 .av-special-heading-tag .heading-char{\nfont-size:25px;\n}\n#top #wrap_all .av-special-heading.av-av_heading-bae9cb37d7bc2bbfa328393d9c797a47 .av-special-heading-tag{\nfont-size:22px;\n}\n.av-special-heading.av-av_heading-bae9cb37d7bc2bbfa328393d9c797a47 .av-subheading{\nfont-size:15px;\n}\n<\/style>\n<div  class='av-special-heading av-av_heading-bae9cb37d7bc2bbfa328393d9c797a47 av-special-heading-h3 blockquote modern-quote  avia-builder-el-5  el_before_av_textblock  avia-builder-el-first  av-inherit-size'><h3 class='av-special-heading-tag'  itemprop=\"headline\"  ><b>Ziele und Aufgaben <\/b><\/h3><div class=\"special-heading-border\"><div class=\"special-heading-inner-border\"><\/div><\/div><\/div><br \/>\n<section  class='av_textblock_section av-av_textblock-0366cc7376be6c9e82a3e9cc8987b64f'  itemscope=\"itemscope\" itemtype=\"https:\/\/schema.org\/CreativeWork\" ><div class='avia_textblock'  itemprop=\"text\" ><p>Der Personalrat der BBS I Osterode ist die Interessenvertretung aller dort besch\u00e4ftigten Lehrerinnen und Lehrer sowie Mitarbeiter des Landes.<\/p>\n<p>Es ist wichtig, dass der Personalrat bei Bedarf informiert und um Unterst\u00fctzung gebeten wird. Er kann sich nur f\u00fcr Kolleginnen und Kollegen einsetzen, wenn er tats\u00e4chlich \u00fcber Sorgen und Probleme in Kenntnis gesetzt wird.<\/p>\n<p>Erreichbar ist der Personalrat w\u00e4hrend der Pausen im Lehrerzimmer. Nat\u00fcrlich ist auch eine Kontaktaufnahme per Email m\u00f6glich (<a href=\"https:\/\/bbs1osterode.de\/index.php\/kollegium\/\" target=\"_blank\" rel=\"noopener\">s. Email-Liste des Kollegiums<\/a>).\u00a0 F\u00fcr pers\u00f6nliche Gespr\u00e4che vereinbaren wir Termine.<\/p>\n<p>Der Personalrat f\u00fchrt zudem Personalversammlungen durch, auf denen wichtige, aktuelle Themen besprochen werden.<\/p>\n<\/div><\/section><br \/>\n\n<style type=\"text\/css\" data-created_by=\"avia_inline_auto\" id=\"style-css-av-av_heading-038ce8991404ae11792c0944952c821f\">\n#top .av-special-heading.av-av_heading-038ce8991404ae11792c0944952c821f{\npadding-bottom:30px;\nfont-size:22px;\n}\nbody .av-special-heading.av-av_heading-038ce8991404ae11792c0944952c821f .av-special-heading-tag .heading-char{\nfont-size:25px;\n}\n#top #wrap_all .av-special-heading.av-av_heading-038ce8991404ae11792c0944952c821f .av-special-heading-tag{\nfont-size:22px;\n}\n.av-special-heading.av-av_heading-038ce8991404ae11792c0944952c821f .av-subheading{\nfont-size:15px;\n}\n<\/style>\n<div  class='av-special-heading av-av_heading-038ce8991404ae11792c0944952c821f av-special-heading-h3 blockquote modern-quote  avia-builder-el-7  el_after_av_textblock  el_before_av_textblock  av-inherit-size'><h3 class='av-special-heading-tag'  itemprop=\"headline\"  ><b>Rechtliche Grundlagen<\/b><\/h3><div class=\"special-heading-border\"><div class=\"special-heading-inner-border\"><\/div><\/div><\/div><br \/>\n<section  class='av_textblock_section av-av_textblock-0366cc7376be6c9e82a3e9cc8987b64f'  itemscope=\"itemscope\" itemtype=\"https:\/\/schema.org\/CreativeWork\" ><div class='avia_textblock'  itemprop=\"text\" ><p>Das nieders\u00e4chsische Personalvertretungsgesetz legt in \u00a7 95 fest, dass in Schulen Schulpersonalr\u00e4te gebildet werden, die wie die \u00fcbrigen Personalr\u00e4te die entsprechenden Aufgaben sowie Mitbestimmungsrechte wahrnehmen, in diesem Fall f\u00fcr die Mitarbeiterinnen und Mitarbeiter der jeweiligen Schule. Legitimiert wird der Personalrat durch die Wahl der Besch\u00e4ftigten.<\/p>\n<\/div><\/section><\/p><\/div>\n<style type=\"text\/css\" data-created_by=\"avia_inline_auto\" id=\"style-css-av-av_one_third-0aa7055fe62c3622faec82866afbaeb2\">\n.flex_column.av-av_one_third-0aa7055fe62c3622faec82866afbaeb2{\nborder-radius:0px 0px 0px 0px;\n-webkit-border-radius:0px 0px 0px 0px;\n-moz-border-radius:0px 0px 0px 0px;\n}\n<\/style>\n<div class='flex_column av-av_one_third-0aa7055fe62c3622faec82866afbaeb2 av_one_third  avia-builder-el-9  el_after_av_two_third  avia-builder-el-last  flex_column_div av-zero-column-padding '   ><\/div><\/p>\n","protected":false},"excerpt":{"rendered":"","protected":false},"author":1,"featured_media":0,"parent":0,"menu_order":0,"comment_status":"closed","ping_status":"closed","template":"","meta":[],"_links":{"self":[{"href":"https:\/\/bbs1osterode.de\/index.php\/wp-json\/wp\/v2\/pages\/1647"}],"collection":[{"href":"https:\/\/bbs1osterode.de\/index.php\/wp-json\/wp\/v2\/pages"}],"about":[{"href":"https:\/\/bbs1osterode.de\/index.php\/wp-json\/wp\/v2\/types\/page"}],"author":[{"embeddable":true,"href":"https:\/\/bbs1osterode.de\/index.php\/wp-json\/wp\/v2\/users\/1"}],"replies":[{"embeddable":true,"href":"https:\/\/bbs1osterode.de\/index.php\/wp-json\/wp\/v2\/comments?post=1647"}],"version-history":[{"count":18,"href":"https:\/\/bbs1osterode.de\/index.php\/wp-json\/wp\/v2\/pages\/1647\/revisions"}],"predecessor-version":[{"id":3424,"href":"https:\/\/bbs1osterode.de\/index.php\/wp-json\/wp\/v2\/pages\/1647\/revisions\/3424"}],"wp:attachment":[{"href":"https:\/\/bbs1osterode.de\/index.php\/wp-json\/wp\/v2\/media?parent=1647"}],"curies":[{"name":"wp","href":"https:\/\/api.w.org\/{rel}","templated":true}]}}