{"id":6679,"date":"2018-11-19T14:33:08","date_gmt":"2018-11-19T13:33:08","guid":{"rendered":"https:\/\/bbs1osterode.de\/?page_id=6679"},"modified":"2019-06-21T13:33:52","modified_gmt":"2019-06-21T11:33:52","slug":"kooperation_tuc","status":"publish","type":"page","link":"https:\/\/bbs1osterode.de\/index.php\/beruflichesgymnasium-2\/kooperation_tuc\/","title":{"rendered":"Kooperationspartner TU Clausthal"},"content":{"rendered":"\n<style type=\"text\/css\" data-created_by=\"avia_inline_auto\" id=\"style-css-av-av_one_full-6126cab7d8fab8d08143dd2dacdf673c\">\n.flex_column.av-av_one_full-6126cab7d8fab8d08143dd2dacdf673c{\nborder-radius:0px 0px 0px 0px;\n-webkit-border-radius:0px 0px 0px 0px;\n-moz-border-radius:0px 0px 0px 0px;\n}\n<\/style>\n<div class='flex_column av-av_one_full-6126cab7d8fab8d08143dd2dacdf673c av_one_full  avia-builder-el-0  el_before_av_blog  avia-builder-el-first  first flex_column_div av-zero-column-padding '   ><section  class='av_textblock_section av-av_textblock-0366cc7376be6c9e82a3e9cc8987b64f'  itemscope=\"itemscope\" itemtype=\"https:\/\/schema.org\/CreativeWork\" ><div class='avia_textblock'  itemprop=\"text\" ><h3>\u00dcbersicht \u00fcber Aktionen und Events im Rahmen unserer Kooperation mit der Technischen Universit\u00e4t Clausthal<\/h3>\n<\/div><\/section><\/div>\n<div   data-autoplay=''  data-interval='5'  data-animation='fade'  data-show_slide_delay='90'  class='avia-content-slider avia-content-grid-active avia-content-slider1 avia-content-slider-odd  avia-builder-el-2  el_after_av_one_full  avia-builder-el-last  '  itemscope=\"itemscope\" itemtype=\"https:\/\/schema.org\/Blog\" ><div class='avia-content-slider-inner'><div class='slide-entry-wrap'><article class='slide-entry flex_column  post-entry post-entry-8459 slide-entry-overview slide-loop-1 slide-parity-odd  av_one_third first real-thumbnail post-format-standard'  itemscope=\"itemscope\" itemtype=\"https:\/\/schema.org\/CreativeWork\" ><a href='https:\/\/bbs1osterode.de\/index.php\/2020\/01\/09\/beruflicheimpulse\/' data-rel='slide-1' class='slide-image' title='Berufliche Impulse'><img width=\"710\" height=\"375\" src=\"https:\/\/bbs1osterode.de\/wp-content\/uploads\/2020\/01\/IMG_6770VS-710x375.jpg\" class=\"wp-image-8469 avia-img-lazy-loading-not-8469 attachment-magazine size-magazine wp-post-image\" alt=\"\" \/><\/a><div class='slide-content'><header class=\"entry-content-header\"><h3 class='slide-entry-title entry-title '  itemprop=\"headline\" ><a href='https:\/\/bbs1osterode.de\/index.php\/2020\/01\/09\/beruflicheimpulse\/' title='Berufliche Impulse'>Berufliche Impulse<\/a><\/h3><span class=\"av-vertical-delimiter\"><\/span><\/header><div class=\"slide-meta\"><time class='slide-meta-time updated'  itemprop=\"datePublished\" datetime=\"2020-01-09T16:43:30+01:00\" >9. Januar 2020<\/time><\/div><div class='slide-entry-excerpt entry-content'  itemprop=\"text\" >Vortr\u00e4ge unserer Kooperationspartner zu den Ausbildungs- und Studierm\u00f6glichkeiten<div class=\"read-more-link\"><a href=\"https:\/\/bbs1osterode.de\/index.php\/2020\/01\/09\/beruflicheimpulse\/\" class=\"more-link\">Weiterlesen<span class=\"more-link-arrow\"><\/span><\/a><\/div><\/div><\/div><footer class=\"entry-footer\"><\/footer><span class='hidden'>\n\t\t\t\t<span class='av-structured-data'  itemprop=\"image\" itemscope=\"itemscope\" itemtype=\"https:\/\/schema.org\/ImageObject\" >\n\t\t\t\t\t\t<span itemprop='url'>https:\/\/bbs1osterode.de\/wp-content\/uploads\/2020\/01\/IMG_6770VS.jpg<\/span>\n\t\t\t\t\t\t<span itemprop='height'>2520<\/span>\n\t\t\t\t\t\t<span itemprop='width'>4032<\/span>\n\t\t\t\t<\/span>\n\t\t\t\t<span class='av-structured-data'  itemprop=\"publisher\" itemtype=\"https:\/\/schema.org\/Organization\" itemscope=\"itemscope\" >\n\t\t\t\t\t\t<span itemprop='name'>Jan Wenzel<\/span>\n\t\t\t\t\t\t<span itemprop='logo' itemscope itemtype='https:\/\/schema.org\/ImageObject'>\n\t\t\t\t\t\t\t<span itemprop='url'>https:\/\/bbs1osterode.de\/wp-content\/uploads\/2017\/07\/header_new-1030x80-1-1-1.png<\/span>\n\t\t\t\t\t\t <\/span>\n\t\t\t\t<\/span><span class='av-structured-data'  itemprop=\"author\" itemscope=\"itemscope\" itemtype=\"https:\/\/schema.org\/Person\" ><span itemprop='name'>Jan Wenzel<\/span><\/span><span class='av-structured-data'  itemprop=\"datePublished\" datetime=\"2018-11-19T14:33:08+01:00\" >2020-01-09 16:43:30<\/span><span class='av-structured-data'  itemprop=\"dateModified\" itemtype=\"https:\/\/schema.org\/dateModified\" >2023-03-08 12:40:55<\/span><span class='av-structured-data'  itemprop=\"mainEntityOfPage\" itemtype=\"https:\/\/schema.org\/mainEntityOfPage\" ><span itemprop='name'>Berufliche Impulse<\/span><\/span><\/span><\/article><article class='slide-entry flex_column  post-entry post-entry-7321 slide-entry-overview slide-loop-2 slide-parity-even  av_one_third  real-thumbnail post-format-standard'  itemscope=\"itemscope\" itemtype=\"https:\/\/schema.org\/CreativeWork\" ><a href='https:\/\/bbs1osterode.de\/index.php\/2019\/04\/02\/tu-clausthal_live\/' data-rel='slide-1' class='slide-image' title='TU-Clausthal live'><img width=\"710\" height=\"375\" src=\"https:\/\/bbs1osterode.de\/wp-content\/uploads\/2019\/04\/201903_TUC4vorschau-710x375.jpg\" class=\"wp-image-7365 avia-img-lazy-loading-not-7365 attachment-magazine size-magazine wp-post-image\" alt=\"\" \/><\/a><div class='slide-content'><header class=\"entry-content-header\"><h3 class='slide-entry-title entry-title '  itemprop=\"headline\" ><a href='https:\/\/bbs1osterode.de\/index.php\/2019\/04\/02\/tu-clausthal_live\/' title='TU-Clausthal live'>TU-Clausthal live<\/a><\/h3><span class=\"av-vertical-delimiter\"><\/span><\/header><div class=\"slide-meta\"><time class='slide-meta-time updated'  itemprop=\"datePublished\" datetime=\"2019-04-02T15:10:51+02:00\" >2. April 2019<\/time><\/div><div class='slide-entry-excerpt entry-content'  itemprop=\"text\" >Sch\u00fclerinnen und Sch\u00fcler unserer Beruflichen Gymnasien Technik besuchen Labore der TU Clausthal<div class=\"read-more-link\"><a href=\"https:\/\/bbs1osterode.de\/index.php\/2019\/04\/02\/tu-clausthal_live\/\" class=\"more-link\">Weiterlesen<span class=\"more-link-arrow\"><\/span><\/a><\/div><\/div><\/div><footer class=\"entry-footer\"><\/footer><span class='hidden'>\n\t\t\t\t<span class='av-structured-data'  itemprop=\"image\" itemscope=\"itemscope\" itemtype=\"https:\/\/schema.org\/ImageObject\" >\n\t\t\t\t\t\t<span itemprop='url'>https:\/\/bbs1osterode.de\/wp-content\/uploads\/2019\/04\/201903_TUC4vorschau.jpg<\/span>\n\t\t\t\t\t\t<span itemprop='height'>1218<\/span>\n\t\t\t\t\t\t<span itemprop='width'>1949<\/span>\n\t\t\t\t<\/span>\n\t\t\t\t<span class='av-structured-data'  itemprop=\"publisher\" itemtype=\"https:\/\/schema.org\/Organization\" itemscope=\"itemscope\" >\n\t\t\t\t\t\t<span itemprop='name'>Jan Wenzel<\/span>\n\t\t\t\t\t\t<span itemprop='logo' itemscope itemtype='https:\/\/schema.org\/ImageObject'>\n\t\t\t\t\t\t\t<span itemprop='url'>https:\/\/bbs1osterode.de\/wp-content\/uploads\/2017\/07\/header_new-1030x80-1-1-1.png<\/span>\n\t\t\t\t\t\t <\/span>\n\t\t\t\t<\/span><span class='av-structured-data'  itemprop=\"author\" itemscope=\"itemscope\" itemtype=\"https:\/\/schema.org\/Person\" ><span itemprop='name'>Jan Wenzel<\/span><\/span><span class='av-structured-data'  itemprop=\"datePublished\" datetime=\"2018-11-19T14:33:08+01:00\" >2019-04-02 15:10:51<\/span><span class='av-structured-data'  itemprop=\"dateModified\" itemtype=\"https:\/\/schema.org\/dateModified\" >2023-03-08 12:41:06<\/span><span class='av-structured-data'  itemprop=\"mainEntityOfPage\" itemtype=\"https:\/\/schema.org\/mainEntityOfPage\" ><span itemprop='name'>TU-Clausthal live<\/span><\/span><\/span><\/article><article class='slide-entry flex_column  post-entry post-entry-6110 slide-entry-overview slide-loop-3 slide-parity-odd  post-entry-last  av_one_third  real-thumbnail post-format-standard'  itemscope=\"itemscope\" itemtype=\"https:\/\/schema.org\/CreativeWork\" ><a href='https:\/\/bbs1osterode.de\/index.php\/2018\/06\/07\/studium-neben-schule\/' data-rel='slide-1' class='slide-image' title='Studium &#038; Schule'><img width=\"710\" height=\"375\" src=\"https:\/\/bbs1osterode.de\/wp-content\/uploads\/2018\/06\/BraunsdorffJan-710x375.jpg\" class=\"wp-image-6140 avia-img-lazy-loading-not-6140 attachment-magazine size-magazine wp-post-image\" alt=\"\" \/><\/a><div class='slide-content'><header class=\"entry-content-header\"><h3 class='slide-entry-title entry-title '  itemprop=\"headline\" ><a href='https:\/\/bbs1osterode.de\/index.php\/2018\/06\/07\/studium-neben-schule\/' title='Studium &#038; Schule'>Studium &#038; Schule<\/a><\/h3><span class=\"av-vertical-delimiter\"><\/span><\/header><div class=\"slide-meta\"><time class='slide-meta-time updated'  itemprop=\"datePublished\" datetime=\"2018-06-07T11:23:45+02:00\" >7. Juni 2018<\/time><\/div><div class='slide-entry-excerpt entry-content'  itemprop=\"text\" >Ein Interview mit Jan Braunsdorff, der neben der Schule bereits ein Studium an der TU Clausthal absolviert.<div class=\"read-more-link\"><a href=\"https:\/\/bbs1osterode.de\/index.php\/2018\/06\/07\/studium-neben-schule\/\" class=\"more-link\">Weiterlesen<span class=\"more-link-arrow\"><\/span><\/a><\/div><\/div><\/div><footer class=\"entry-footer\"><\/footer><span class='hidden'>\n\t\t\t\t<span class='av-structured-data'  itemprop=\"image\" itemscope=\"itemscope\" itemtype=\"https:\/\/schema.org\/ImageObject\" >\n\t\t\t\t\t\t<span itemprop='url'>https:\/\/bbs1osterode.de\/wp-content\/uploads\/2018\/06\/BraunsdorffJan.jpg<\/span>\n\t\t\t\t\t\t<span itemprop='height'>1816<\/span>\n\t\t\t\t\t\t<span itemprop='width'>2905<\/span>\n\t\t\t\t<\/span>\n\t\t\t\t<span class='av-structured-data'  itemprop=\"publisher\" itemtype=\"https:\/\/schema.org\/Organization\" itemscope=\"itemscope\" >\n\t\t\t\t\t\t<span itemprop='name'>Jan Wenzel<\/span>\n\t\t\t\t\t\t<span itemprop='logo' itemscope itemtype='https:\/\/schema.org\/ImageObject'>\n\t\t\t\t\t\t\t<span itemprop='url'>https:\/\/bbs1osterode.de\/wp-content\/uploads\/2017\/07\/header_new-1030x80-1-1-1.png<\/span>\n\t\t\t\t\t\t <\/span>\n\t\t\t\t<\/span><span class='av-structured-data'  itemprop=\"author\" itemscope=\"itemscope\" itemtype=\"https:\/\/schema.org\/Person\" ><span itemprop='name'>Jan Wenzel<\/span><\/span><span class='av-structured-data'  itemprop=\"datePublished\" datetime=\"2018-11-19T14:33:08+01:00\" >2018-06-07 11:23:45<\/span><span class='av-structured-data'  itemprop=\"dateModified\" itemtype=\"https:\/\/schema.org\/dateModified\" >2023-03-08 12:41:30<\/span><span class='av-structured-data'  itemprop=\"mainEntityOfPage\" itemtype=\"https:\/\/schema.org\/mainEntityOfPage\" ><span itemprop='name'>Studium &#038; Schule<\/span><\/span><\/span><\/article><\/div><\/div><\/div>\n","protected":false},"excerpt":{"rendered":"","protected":false},"author":21,"featured_media":0,"parent":190,"menu_order":0,"comment_status":"closed","ping_status":"closed","template":"","meta":[],"_links":{"self":[{"href":"https:\/\/bbs1osterode.de\/index.php\/wp-json\/wp\/v2\/pages\/6679"}],"collection":[{"href":"https:\/\/bbs1osterode.de\/index.php\/wp-json\/wp\/v2\/pages"}],"about":[{"href":"https:\/\/bbs1osterode.de\/index.php\/wp-json\/wp\/v2\/types\/page"}],"author":[{"embeddable":true,"href":"https:\/\/bbs1osterode.de\/index.php\/wp-json\/wp\/v2\/users\/21"}],"replies":[{"embeddable":true,"href":"https:\/\/bbs1osterode.de\/index.php\/wp-json\/wp\/v2\/comments?post=6679"}],"version-history":[{"count":3,"href":"https:\/\/bbs1osterode.de\/index.php\/wp-json\/wp\/v2\/pages\/6679\/revisions"}],"predecessor-version":[{"id":7362,"href":"https:\/\/bbs1osterode.de\/index.php\/wp-json\/wp\/v2\/pages\/6679\/revisions\/7362"}],"up":[{"embeddable":true,"href":"https:\/\/bbs1osterode.de\/index.php\/wp-json\/wp\/v2\/pages\/190"}],"wp:attachment":[{"href":"https:\/\/bbs1osterode.de\/index.php\/wp-json\/wp\/v2\/media?parent=6679"}],"curies":[{"name":"wp","href":"https:\/\/api.w.org\/{rel}","templated":true}]}}