{"id":940,"date":"2017-04-18T14:46:56","date_gmt":"2017-04-18T12:46:56","guid":{"rendered":"https:\/\/bbs1osterode.de\/?page_id=940"},"modified":"2018-06-22T09:41:53","modified_gmt":"2018-06-22T07:41:53","slug":"gremien-und-vertretungen-2","status":"publish","type":"page","link":"https:\/\/bbs1osterode.de\/index.php\/gremien-und-vertretungen-2\/","title":{"rendered":"\u00d6ffnungszeiten Ferien"},"content":{"rendered":"<p>Die Schule ist w\u00e4hrend der Sommerferien vom 28.06. \u2013 04.07.2018 und vom<br \/>\n02.08. \u2013 08.08.2018 von 10:00 Uhr \u2013 12:00 Uhr ge\u00f6ffnet.<\/p>\n<p>An folgenden Tagen \u2013 jeweils in der Zeit von 10:00 \u2013 12:00 Uhr \u2013 ist die Schulleitung in dringenden F\u00e4llen telefonisch erreichbar. Ggf. k\u00f6nnen \u00fcber diesen Weg Besprechungstermine vor Ort vereinbart werden:<\/p>\n<p>vom 05.07. \u2013 06.07.2018 \u2013 Tel. 05522 960-4718<br \/>\nvom 30.07. \u2013 01.08.2018 \u2013 Tel. 05522 960-4704<\/p>\n<p>In der Zeit vom 09.07. \u2013 27.07.2018 ist unsere Schule geschlossen.<\/p>\n","protected":false},"excerpt":{"rendered":"<p>Die Schule ist w\u00e4hrend der Sommerferien vom 28.06. \u2013 04.07.2018 und vom 02.08. \u2013 08.08.2018 von 10:00 Uhr \u2013 12:00 Uhr ge\u00f6ffnet. An folgenden Tagen \u2013 jeweils in der Zeit von 10:00 \u2013 12:00 Uhr \u2013 ist die Schulleitung in dringenden F\u00e4llen telefonisch erreichbar. Ggf. k\u00f6nnen \u00fcber diesen Weg Besprechungstermine vor Ort vereinbart werden: vom [&hellip;]<\/p>\n","protected":false},"author":1,"featured_media":0,"parent":0,"menu_order":0,"comment_status":"closed","ping_status":"closed","template":"","meta":[],"_links":{"self":[{"href":"https:\/\/bbs1osterode.de\/index.php\/wp-json\/wp\/v2\/pages\/940"}],"collection":[{"href":"https:\/\/bbs1osterode.de\/index.php\/wp-json\/wp\/v2\/pages"}],"about":[{"href":"https:\/\/bbs1osterode.de\/index.php\/wp-json\/wp\/v2\/types\/page"}],"author":[{"embeddable":true,"href":"https:\/\/bbs1osterode.de\/index.php\/wp-json\/wp\/v2\/users\/1"}],"replies":[{"embeddable":true,"href":"https:\/\/bbs1osterode.de\/index.php\/wp-json\/wp\/v2\/comments?post=940"}],"version-history":[{"count":3,"href":"https:\/\/bbs1osterode.de\/index.php\/wp-json\/wp\/v2\/pages\/940\/revisions"}],"predecessor-version":[{"id":6201,"href":"https:\/\/bbs1osterode.de\/index.php\/wp-json\/wp\/v2\/pages\/940\/revisions\/6201"}],"wp:attachment":[{"href":"https:\/\/bbs1osterode.de\/index.php\/wp-json\/wp\/v2\/media?parent=940"}],"curies":[{"name":"wp","href":"https:\/\/api.w.org\/{rel}","templated":true}]}}